ate the greatest common divisor of 60 and m.
15
Suppose -4*d = z - 16, 0*z + 3*z = 12. Let i be (-796)/(-6) - 2/d. Let v(r) = 6*r**2 - 36*r - 30. Let m be v(7). What is the highest common divisor of m and i?
12
Let f be (-3)/(-6)*((-12)/(-2) + 0). Suppose -5*i + 65 = f*t, -4*i - 4*t + 63 = 11. What is the greatest common divisor of i and 104?
13
Suppose -2*q + 5 = 3*q, 4*q = 5*n - 441. Let b = n + -25. Suppose l = -0*l + b. What is the highest common divisor of 32 and l?
32
Suppose -330 = -87*n + 72*n. Calculate the highest common divisor of n and 154.
22
Suppose -7 - 17 = -x. Suppose -3*n = -4*n + x. Let d = n - 21. Calculate the highest common factor of 15 and d.
3
Suppose 5*q - 8*q = -15. Suppose 3*c + 62 + 42 = q*r, c = 2. Calculate the highest common factor of r and 110.
22
Let i = 28 + -24. Let u be ((-9)/i)/((-2)/(-1 + 97)). What is the highest common divisor of u and 12?
12
Let u = -3572 - -5360. Let y be 8/(-36) - u/(-27). What is the highest common divisor of 18 and y?
6
Let u = 664 - 66. Calculate the highest common factor of u and 46.
46
Suppose 2*t = 3*t + 4*w + 12, -4*t - 6 = -5*w. Let r(y) = -4 + y**2 - 3*y - y**2 + 5*y**2 + 4*y. Let j be r(t). Calculate the highest common factor of 9 and j.
9
Let k(r) = r**2 - 16*r - 51. Let j be k(19). Let n be j/24 - (2 - (-374)/(-8)). Calculate the highest common divisor of 60 and n.
15
Let l(z) = 11*z**2 + 1. Let k be l(1). What is the greatest common divisor of k and 48?
12
Suppose 7*w = 167 + 99. Let c = -27 + w. Calculate the highest common divisor of c and 88.
11
Let o(i) = -15*i - 207. Let b be o(-20). Calculate the highest common divisor of 1209 and b.
93
Let h be ((-4 + 1)*-2)/(6/20). Suppose -g + 23 - h = 0. Calculate the highest common factor of g and 24.
3
Let c = -83 + 164. Let z(j) = 3*j - 12. Let g be z(7). Calculate the highest common divisor of c and g.
9
Suppose 0*m + 3*m + 3*f = 12, -5*f + 5 = 0. Let c be ((-6)/m)/(-4)*-264*-1. Calculate the highest common factor of c and 88.
44
Suppose 0 = 2*q - 5*f - 152, -156 = -2*q + f - 4. What is the greatest common divisor of q and 456?
76
Suppose -z - 5*z = -42. Suppose 4*w + 90 = z*w. Suppose 0 = 3*j + j - 48. Calculate the highest common divisor of j and w.
6
Suppose 769 + 463 = 14*v. What is the highest common divisor of v and 154?
22
Let l(s) = -9*s + 57. Let j be l(3). Calculate the highest common factor of j and 12.
6
Let q(r) = -r + 1. Let h be q(-6). Let s be -98 - (-6)/(-1 - 2). Let b = -37 - s. Calculate the greatest common factor of b and h.
7
Suppose 260 = 19*k - 9*k. Let w be (-1)/2 - (-10023)/k. What is the highest common factor of w and 35?
35
Suppose 3*o - 3*j = 12, 3*j - j = -2. Let z(m) = -5 + 9*m + 4*m - 8 + 0 + 9*m**2 - m**o. Let i be z(10). What is the highest common factor of i and 187?
17
Let u = -590 - -1560. What is the greatest common factor of u and 10?
10
Suppose 0 = -29*z + 38*z - 495. Calculate the highest common divisor of z and 10.
5
Let w(z) = 5*z - 15. Let g be w(-11). Let d = g - -100. Calculate the highest common divisor of d and 6.
6
Let j be 1935/(-516)*264/(-10). What is the greatest common factor of 220 and j?
11
Let t be (1 + -2)/(1/(-13)). Let x(l) = 150*l - 149*l + 11 - 16. Let g be x(t). Calculate the greatest common divisor of 40 and g.
8
Let x(q) = 2*q**3 - 5*q**2 - 4*q + 6. Let n be x(3). Suppose -4*l + z + 251 + 118 = 0, -n*l = -2*z - 283. Calculate the highest common factor of l and 13.
13
Let w be (-4 - -2)*(-6)/4. Suppose 4*r - 48 = -2*z + 72, -161 = -5*r + w*z. What is the highest common divisor of r and 186?
31
Let v be (42/(-4))/(3/(-8)). Let d(f) = f**2 + 7*f + 2. Let t be d(-3). Let x = 17 + t. Calculate the highest common divisor of x and v.
7
Let b = -13 - -8. Let y be (3/5)/((-1)/b). Let c = y + 5. Calculate the greatest common factor of c and 2.
2
Let y(x) = -14*x**3 - 2*x**2 - 3*x + 4. Let p be y(-2). Calculate the greatest common divisor of p and 152.
38
Suppose 0 = -41*m + 46*m - y - 5065, 0 = -m + 3*y + 999. What is the highest common factor of 78 and m?
78
Let y = -435 - -479. What is the highest common divisor of y and 1056?
44
Let p(v) = 4*v**2 + 20*v + 102. Let d be p(-6). What is the highest common factor of d and 36?
18
Suppose -5*g + 4*g = -8. Suppose -8*o = -6*o - 134. Let h = -65 + o. What is the greatest common divisor of g and h?
2
Let a = 2692 - 2682. What is the greatest common factor of 2560 and a?
10
Let a be (-14764)/(-16) + (-23)/(-92). What is the highest common divisor of a and 13?
13
Suppose -q - q = -54. Let o(y) = y**3 + 5*y**2 + 2*y + 12. Let f be o(-5). Let h be 3770/35 + f/7. What is the highest common divisor of q and h?
27
Suppose 0*o = 6*o - 180. Suppose h - 2*h + 75 = 0. What is the highest common factor of o and h?
15
Suppose -2*o - 30 = -196. Let c = o + -45. Let s = 52 + 43. Calculate the highest common divisor of s and c.
19
Let t be 133/(4*5/20). Let m = t + -29. Calculate the greatest common divisor of m and 13.
13
Let a be (27/21 - 3)/((-7)/98). Calculate the highest common divisor of a and 792.
24
Let t(f) = -30*f + 4. Let n be (2/2)/(-2)*-4. Suppose 3*g = -2*h - 15, -2 = n*g - 3*h + 8. Let o be t(g). What is the greatest common factor of 14 and o?
14
Let y = 4925 + -2585. What is the greatest common factor of y and 36?
36
Suppose 5*b + 3*u = 118, 5*u + 42 + 22 = 3*b. Let y = -18 - b. Let g = y + 145. What is the highest common divisor of g and 13?
13
Let d = -36 + 36. Suppose d = -5*i + 4*l + 645, 3*i + 4*l - 96 = 323. Calculate the greatest common divisor of i and 19.
19
Let s be (-3)/(-4) - 106/(-8). Calculate the highest common factor of 18 and s.
2
Let t be (28/(-20) - -1)*-35. What is the highest common divisor of t and 1792?
14
Let v be (0 - (-1)/(-6)) + 5950/60. Suppose 291 - v = 2*d. What is the greatest common factor of 16 and d?
16
Let i be 1*(2 - -1 - -4). Let c = -4 + i. Suppose -5 = -5*t + 4*p, t - 6*p + c*p = 1. What is the highest common factor of t and 9?
1
Let w(f) = 244*f - 313. Let d be w(2). Calculate the highest common factor of 35 and d.
35
Suppose -2*q + 21 = 5*v - 2, 5*q - 20 = -5*v. Suppose 420 = -a + v*a. Let f be (-2191)/735*-5 + (-6)/(-63). What is the greatest common divisor of f and a?
15
Let f be 178 - (4/10 - 110/25). Suppose 30*z = 37*z - f. What is the highest common divisor of z and 286?
26
Suppose -5*a = -1168 + 58. Suppose -4*z - 4*b + 320 = 0, -3*z + a = -2*b - 18. Suppose 10*o - 5*o - 40 = 0. What is the highest common factor of z and o?
8
Let v = -13 - -33. Let b = -38 + v. Let k be (b/5)/(6/(-20)). What is the greatest common factor of k and 18?
6
Let a = 1 - 1. Let v be 11 + a/2 - 0. Let b(w) = -203*w + 3539. Let l be b(17). Calculate the highest common divisor of l and v.
11
Suppose 0 = -4*x + 2*w + 30, 36 - 6 = 2*x + 2*w. Let c be (-4)/18 + (-14886)/81. Let v = -104 - c. Calculate the greatest common divisor of x and v.
10
Let b(o) = o**3 + 11*o**2 - 17*o + 12. Let p be b(4). What is the highest common divisor of 46 and p?
46
Let m(c) = 156*c**2 + 9*c + 8. Let t be m(-1). Calculate the greatest common factor of 62 and t.
31
Let k = 1433 + -1424. Let p(z) = z - 11. Let i be p(8). Let u be -1 - i - 102/(-3). What is the highest common factor of u and k?
9
Suppose 16 + 8 = 4*n. Let o(w) = -w**3 + 6*w**2 + 8. Let b be o(n). Suppose -k + b = k. Calculate the greatest common divisor of 4 and k.
4
Suppose -d - 3*d = -v + 511, 4*v - 2*d = 2100. Calculate the greatest common factor of v and 31.
31
Let g(i) = -144*i - 1 + 285*i - 143*i. Let x be g(-2). What is the highest common factor of 12 and x?
3
Let q = -97 - -157. Suppose -3*s + 74 = s - 2*y, -2*s + 5*y = -25. What is the greatest common factor of s and q?
20
Let c(l) = 25*l**2 + 4*l + 4. Let z(v) = -v**2 - v - 1. Let u(s) = 2*c(s) + 10*z(s). Let i be u(-1). Calculate the highest common divisor of i and 4.
4
Suppose 3*l = -5*c + 2237, 4*c - 7*c = 6. Calculate the greatest common divisor of 321 and l.
107
Suppose -45 = -2087*j + 2078*j. Let p = -17 + 32. Calculate the highest common divisor of j and p.
5
Suppose 19*n - 14*n = 0. Suppose n = 5*w - l - 0*l - 900, -4*w + 720 = 4*l. Suppose 4*a + 2*a = w. Calculate the highest common factor of a and 60.
30
Let o = -22 + 146. Calculate the greatest common divisor of o and 186.
62
Let z(a) = a**